-8)/12*(2 - -28). Let q = m - -22. Suppose t - 2*t = -q*g, -g + 2 = -t. Give y(g).
4
Let h(a) be the first derivative of a**4/2 - 2*a**3/3 - 3*a**2/2 + 60. Calculate h(-2).
-18
Suppose 0 = -3*n + 4*n + 1. Let u be -2 + (-1 + -1)*-1. Let p(k) = 0 + 3*k**3 + u*k**2 + 2*k**2 - k**3 - 1. What is p(n)?
-1
Let i(v) = -v - 1. Let a(o) = o**2 - 13*o + 15. Let y be a(8). Let z be 4/(-16) + y/(-4). Give i(z).
-7
Suppose -13*t + 5*t = -7*t. Let b(o) = o + 20. Determine b(t).
20
Let p(k) = -k**2 - 1. Let s be 2/(-8) + 6/((-24)/19). Let f be -2 - s/20*0. Determine p(f).
-5
Let g(k) = -1. Let x(l) = 1. Let q(f) = -2*g(f) - x(f). Let y(d) = -3*d - 3. Let o(j) = -4*q(j) - y(j). Give o(1).
2
Let i(n) be the first derivative of 3*n**2/2 + 4*n + 212. Give i(3).
13
Let p be (-7)/(-3)*(-5 - -2). Let r(g) = 2*g**3 - 11*g**2 - 9*g + 10. Let k(u) = -7*u**3 + 43*u**2 + 35*u - 40. Let z(m) = 3*k(m) + 11*r(m). Calculate z(p).
-3
Let q(h) = -h**3 + 5*h**2 + 4*h + 5. Let l(w) = -3*w - 4. Let c be l(-4). Suppose -4*p = -6*p + 5*i + c, 20 = 5*i. Let n = -8 + p. Calculate q(n).
-7
Let q(n) = 3*n. Let h(l) = 13*l - 8. Let x(d) = h(d) - 4*q(d). Determine x(17).
9
Let a(c) = -3*c**3 + 10*c**2 - 5*c - 19. Let m(y) = y**3 - 3*y**2 + 3*y + 9. Let r(j) = -2*a(j) - 5*m(j). Suppose -5 = -2*x + 7. Give r(x).
-1
Let j(b) be the second derivative of b**3/3 + 6*b. Let n = -13 - -16. Give j(n).
6
Let j(g) = -g + 17. Suppose -48 + 15 = -3*z. Determine j(z).
6
Let w = 36 - 33. Let p(g) = w*g**3 + 2*g**2 - 4*g**2 - 1 - 2*g - g**3 + 3*g**3. Suppose 2 - 3 = v. Give p(v).
-6
Let k(b) = b**3 - 2*b**2 - 2*b + 2. Let o be k(2). Let y(d) = d**2 + 7*d + 8. Let n be y(-6). Let z(l) = -4*l**2 + 2*l**n - 8 + 10 + 0*l**2. Give z(o).
-6
Let j(k) be the second derivative of 0*k**2 + 1/6*k**4 - 2/3*k**3 - 6*k + 0. Give j(3).
6
Let f(z) = 6*z**2 - 9*z**2 - 19*z + z**3 + 21*z + 2. What is f(-3)?
-58
Suppose 2*x - 4*x - 3 = -a, 0 = -4*a - 3*x + 23. Let f(u) = 2*u - 1. Determine f(a).
9
Let y(q) be the second derivative of -q**5/20 + 5*q**4/6 - 5*q**3/3 + 11*q**2/2 + 25*q - 1. Determine y(9).
2
Let t(n) = -1. Let x(p) = 2*p + 5. Let w(u) = 5*t(u) - x(u). Let l = -11 + 4. Give w(l).
4
Suppose 6*o = 69 - 27. Let k(r) = 5*r - 1. What is k(o)?
34
Let d(i) be the second derivative of i**3/6 + i**2/2 + 2*i - 35. What is d(-1)?
0
Let c(g) = g**3 - 8*g**2 + 8*g - 3. Let z be c(7). Let d(l) = -3*l**2 - l + l**2 + z*l**2. Calculate d(1).
1
Let k(y) = y**2 - y + 3. Let v(g) = -g**3 - 6*g**2 + 7*g - 16. Let u(z) = -6*k(z) - v(z). Determine u(0).
-2
Let z(a) = -a**2 + a. Let p(o) = 13*o - 271. Let y be p(21). Determine z(y).
-2
Let j(z) be the third derivative of 2 + 1/24*z**4 + 2/3*z**3 + 0*z + z**2. Give j(-3).
1
Let q(m) = -m**2 + 4*m + 63. Let x be q(11). Let w(d) = -d**3 - 15*d**2 - 15*d - 11. Give w(x).
3
Let m(j) = -138*j + 1 - 1 + 118*j. Calculate m(1).
-20
Let v(s) = 14*s + 1. Let u be v(1). Suppose 5*w - 5*l = 5, -3*l = -3*w + 6*w - u. Let j = 0 + w. Let r(y) = y + 2. Calculate r(j).
5
Let f = -247 + 247. Let i(y) = y + 1. Let g(m) = -3*m - 6. Let b(x) = -g(x) - 2*i(x). What is b(f)?
4
Let h(a) = 7*a**2 - 4*a - 3. Suppose 0*i - 3*i = 4*r + 8, 4*r + 2*i = -8. What is h(r)?
33
Let g(m) = -m**3 + 7*m**2 - 7*m + 2. Let c be 2 - 2 - (6 - (1 + 11)). Calculate g(c).
-4
Let z(s) = -s**2 - s - 1. Let o(l) = 7*l + 7. Let p(i) = o(i) + z(i). Suppose -u - u + 12 = 0. What is p(u)?
6
Let i(k) = 222*k - 224*k + 7 - 1. Suppose -4*m = 2*g - 30, -4*m - 3 = -5*g + 2. Give i(m).
-4
Let q(h) = h + 4. Let k(l) = 2*l + 9. Let a(x) = -3*k(x) + 7*q(x). Let d = 39 - 36. Suppose 7*s - 2*s = -3*u + 11, 5*s - d*u = 29. Give a(s).
5
Let c(m) = 6*m + 5. Let f = -98 + 96. What is c(f)?
-7
Let k(t) = -t**2 + 10*t - 3. Let b(s) = s**3 + 6*s**2 + 2*s - 5. Suppose -49*d = -53*d - 20. Let z be b(d). Calculate k(z).
-3
Let j(u) = 3. Let y(h) = 2*h - 37. Let o(s) = 6*j(s) + y(s). Determine o(8).
-3
Let z = 113 + -68. Let y = -48 + z. Let v(n) = -n**2 - 3*n - 1. Determine v(y).
-1
Let y(r) = 2. Let a be 2 - ((-5)/(-10))/((-3)/(-6)). Let z(x) = -2*x + 1. Let t(j) = a*y(j) + z(j). Let v be -1*(0 + -5 + 1). Determine t(v).
-5
Let b(z) = -95*z + 192*z - 103*z + 4. Give b(-8).
52
Let y(h) be the first derivative of h**3/3 - 3*h**2 - 7*h - 55. What is y(7)?
0
Let v(u) = 7*u + 159. Let g be v(-23). Let a(b) = -b**3 - b**2 - 2*b - 3. What is a(g)?
5
Let j(m) = -m + 4. Let x(p) be the third derivative of -p**4/24 + 5*p**3/3 - 2*p**2. Let k be x(6). Suppose -3*s = 5*n - 8, 0*n - 3*s = 2*n + k. What is j(n)?
0
Let u(s) = -s - 2. Let v be u(-8). Let n = v - 4. Let h(a) = 0 + 6 - n*a**2 - 4*a + a**2. Determine h(-5).
1
Let m(q) = -11 + 13 - q + 12. What is m(6)?
8
Let v(y) = 0*y**2 - y**2 + y**2 - y**2 + 3 - 7*y. Suppose -2*a + 5*a - 36 = 0. Let d = a + -18. Give v(d).
9
Let v(z) be the third derivative of -z**5/30 + 5*z**4/8 + 7*z**3/6 - z**2 + 7. What is v(8)?
-1
Suppose 0 = 102*i - 101*i - 9. Let r(m) = -m**3 + 9*m**2 + 3*m. Calculate r(i).
27
Let h be (2 - (5 - 5))/(0 + 1). Let y(r) = -h + 87*r - 1 - 84*r + r**2. Let b = 0 + 2. Calculate y(b).
7
Let c(f) = -2*f + 4. Let n(u) = -10*u + 20. Let x = 0 + 2. Suppose -2*s - x*s = -44. Let d(t) = s*c(t) - 2*n(t). Determine d(-3).
10
Let z(a) = -a**3 - a**2 - 5. Suppose -3*y + 38 = -4*j, 0 = -5*y - j - j + 20. Suppose 2*l + 18 = -2*m, -y*l = -2*l - m + 16. Let v = l + 5. Calculate z(v).
-5
Let h(q) = -q**2 + 0*q + 5*q**3 + q - 1 + q. Let a be h(1). Let m(w) = -3 - w**2 + a + 2*w - 1 + 2. What is m(-2)?
-5
Let q(c) be the third derivative of c**5/120 - c**4/8 - 11*c**3/3 + c**2. Let r(i) be the first derivative of q(i). Calculate r(3).
0
Let p(c) = c**3 + c - 7. Let s = -98 + 103. Suppose j = -0*j + 5*u + s, j - 4*u - 4 = 0. Determine p(j).
-7
Let i(q) = q**3 + q - 6. Let f be 39/12*-2*(-1 - 1). Suppose -c - 3*g = -16, 14 = -2*c - 3*g + 43. Let t = c - f. Give i(t).
-6
Let a(v) = -2*v - 3. Suppose 3*h - 7 = -2*y - 3, 14 = 3*h + 4*y. Let j be a(h). Let n(c) = -14*c**2. Give n(j).
-14
Let w(l) = -l**3 - 3*l**2 + 5*l + 1. Let p = 382 - 386. Determine w(p).
-3
Let w(g) = 2*g + 32. Let y be (-1)/7 + 1456/(-98). Calculate w(y).
2
Let g(r) = 9*r - 2*r**2 + 9 - 21 + 7. Let a be g(3). Let x(u) = -u**3 + 4*u**2 + 4*u - 5. Give x(a).
11
Let f = 72 + -70. Suppose -f*w + x - 23 = -4*w, x - 43 = -4*w. Let n(c) = c - 13. Give n(w).
-3
Let b(v) be the second derivative of -14*v - 1/3*v**3 + 0 - v**2. Give b(-4).
6
Let p be 5/2*24/30. Let i(s) = -13 + 16 + 2*s**2 + 2*s**2 - 2*s. Calculate i(p).
15
Let y(h) = -h**3 + 9*h**2 + 10*h + 3. Suppose 63 = -5*x + 113. Calculate y(x).
3
Let y(l) be the third derivative of l**5/60 - 5*l**4/24 - l**3/6 - 29*l**2 - 2. Suppose -40 = -5*d + 4*r, -2*d - 5*r - 13 = d. Give y(d).
-5
Let y(t) = t**2 - 3*t + 2. Let a be -3 - 2*((-8)/16 - 3). Give y(a).
6
Let k(y) = y**3 - 5*y**2 - 6*y. Let l be ((-84)/(-8) + 3)*-12. Let n be l/36*4/(-3). Give k(n).
0
Let a(p) = p**3 - 7*p**2 + 3*p + 21. Let d be a(6). Let f(c) = c**2 - 2*c + 3. Calculate f(d).
6
Let m(p) = -7*p**3 + p**2 + p - 1. Let l be (6/(-4))/(2/(-4)). Suppose 3 - 6 = -l*b. Give m(b).
-6
Let y(m) = -m - 14. Let u = 537 + -555. Calculate y(u).
4
Suppose 5*q + 0 = 20. Let t be (-9 - -10)/((-1)/q). Let g(i) = -i**2 - 2*i - 5. Calculate g(t).
-13
Let a be (-3)/6 + 51/6. Let r(z) = 0*z - 13 - a*z**2 + z**3 + 5 + 7*z. Calculate r(7).
-8
Let n be -8 + (-3)/((-6)/(-4)). Let y(h) = h**3 - 11*h**2 - 12*h - 5. Let a be y(12). Let q = a - n. Let i(l) = l**2 - 4*l - 4. Calculate i(q).
1
Let r = -3142 - -3149. Let i(o) = -2*o + 4. Calculate i(r).
-10
Let s = -2922 - -2917. Let g(u) = u**2 - 26. Determine g(s).
-1
Let g(i) be the second derivative of -i**4/12 - 5*i**3/6 + 3*i**2 - 78*i. Let c(r) = -r**2 - 5*r. Let k be c(-6). Determine g(k).
0
Let s(o) be the first derivative of o**4/4 + 2*o**3 + 5*o**2/2 - 4*o - 156. Suppose -f - 4*f = 25. Calculate s(f).
-4
Suppose o - 27*r + 24*r = -2, 4*o + r + 60 = 0. Let h(m) = -m**3 - 13*m**2 + 14*m + 3. Determine h(o).
3
Suppose -24 = -3*m - 9. Let c(a) = -a**3 + 4*a**2 + 5*a + 1. Give c(m).
1
Let z(r) be the third derivative of -r**5/60 + 11*r**4/24 + r**3 + 118*r**2 - 3*r. Calculate z(14).
-36
Let n(w) = -14*w + 1. Suppose 10 - 38 = -14*b. What is n(b)?
-27
Suppose 5*o = -5, 16*g - 12*g = 2*o - 2. Let u(q) = -35*q**2